101?
-334031
In base 3, what is -2 - -1001020122?
1001020120
In base 5, what is 4 - -3201014?
3201023
In base 14, what is 5b47c + -5?
5b477
In base 14, what is 44 + -7670?
-762a
In base 15, what is 198 + -586?
-3dd
In base 9, what is 23 + 65?
88
In base 12, what is 5a - 2161?
-2103
In base 13, what is -9c - 3b?
-10a
In base 14, what is -245 + -501?
-746
In base 2, what is 0 - -10101111001101010100?
10101111001101010100
In base 13, what is 6a2b8 - 2?
6a2b6
In base 12, what is 75 - 425?
-370
In base 5, what is 4 + -32344?
-32340
In base 7, what is 1315025 + 0?
1315025
In base 5, what is 4222020 - -4?
4222024
In base 9, what is -108530 + 4?
-108525
In base 5, what is -40 - 132344?
-132434
In base 5, what is -40021 - -114?
-34402
In base 3, what is 110201001121 + 2?
110201001200
In base 7, what is 2 + -11001?
-10666
In base 10, what is 21 + 2127?
2148
In base 10, what is 3 + 48052?
48055
In base 13, what is -43ba + -8?
-43c5
In base 8, what is 20550 - -27?
20577
In base 6, what is -12 - 43533?
-43545
In base 7, what is 212 + 1655?
2200
In base 4, what is 1011112 + -112?
1011000
In base 10, what is -243963 + -5?
-243968
In base 14, what is 1db56 - 3?
1db53
In base 7, what is -5 + 41600?
41562
In base 3, what is -2111 - 122101210?
-122111021
In base 8, what is 5 - -322416?
322423
In base 11, what is 24 + 1432?
1456
In base 16, what is 6 + -34ac7?
-34ac1
In base 14, what is -18 - -11?
-7
In base 13, what is 1 + -41a7?
-41a6
In base 11, what is 1 + a44?
a45
In base 8, what is 7225 - 47?
7156
In base 4, what is 11 - 220102212?
-220102201
In base 2, what is 10001101 - 1001000110110?
-1000110101001
In base 2, what is 101 + -10000011000110001?
-10000011000101100
In base 14, what is 7c - 15?
67
In base 12, what is -111 + -3?
-114
In base 4, what is -2122223302 + -12?
-2122223320
In base 8, what is 3 - 346100?
-346075
In base 10, what is 66283 + -10?
66273
In base 9, what is -50 + 20725?
20665
In base 7, what is 3 + 1146023?
1146026
In base 2, what is -10 + -10010110110011000101?
-10010110110011000111
In base 8, what is -130060 - 1?
-130061
In base 12, what is 199 + -714?
-537
In base 15, what is -333 - -6?
-32c
In base 8, what is -61 - 2172?
-2253
In base 8, what is 222446 + 1?
222447
In base 12, what is -1796 + 10?
-1786
In base 16, what is -1e79 - -38?
-1e41
In base 5, what is -3 + -132410?
-132413
In base 10, what is 5 - 430?
-425
In base 9, what is -3 + -288718?
-288722
In base 9, what is -405177 - -5?
-405172
In base 3, what is -10202111 - -10111?
-10122000
In base 13, what is 5c0908 - 5?
5c0903
In base 7, what is 34653 - 25?
34625
In base 12, what is -25355 - 6?
-2535b
In base 16, what is -9 + 1252?
1249
In base 14, what is 76d - -172?
901
In base 5, what is -1402 - 4022?
-10424
In base 2, what is 111101111001 - 0?
111101111001
In base 15, what is -e2 + cba?
bc8
In base 15, what is 2b - -a0?
cb
In base 2, what is -110000101101111001 + 10?
-110000101101110111
In base 5, what is 0 + 113310104?
113310104
In base 4, what is -1010102 + -122?
-1010230
In base 2, what is 110001100 - 1110110?
100010110
In base 16, what is 1294 - -19?
12ad
In base 13, what is -16b - 1404?
-1572
In base 15, what is -24 - 135?
-159
In base 9, what is -32 - -5088?
5056
In base 14, what is -4 - -7db31?
7db2b
In base 13, what is -1c3b + -55?
-1c93
In base 16, what is -16 + -32e?
-344
In base 14, what is 6 + -910?
-908
In base 11, what is 0 - -3a65?
3a65
In base 6, what is 205 - -10511?
11120
In base 16, what is 6db7 - -15?
6dcc
In base 15, what is 71e + -49?
6c5
In base 13, what is 9c87 - 2?
9c85
In base 12, what is 1857 + 9?
1864
In base 5, what is 0 + 1333102?
1333102
In base 10, what is -5 + 77032?
77027
In base 7, what is -5 - 3353611?
-3353616
In base 8, what is -35746 - 0?
-35746
In base 13, what is 65785 - -2?
65787
In base 12, what is 125a + 13?
1271
In base 15, what is 13 - -1ba?
1cd
In base 13, what is 5 + -1c5c2?
-1c5ba
In base 7, what is -446 + 3353?
2604
In base 13, what is -b59a5 + -5?
-b59aa
In base 14, what is -92 + 43a?
388
In base 13, what is -3cc0c + 5?
-3cc07
In base 6, what is -50 + -141342?
-141432
In base 13, what is 13b74 - 4?
13b70
In base 8, what is 4754 - -1144?
6120
In base 6, what is -22 + 112501?
112435
In base 11, what is 106 + -5?
101
In base 6, what is 5 + -224323?
-224314
In base 10, what is 5909 + -12?
5897
In base 7, what is -3 + -3134?
-3140
In base 4, what is -11011120221 - -11?
-11011120210
In base 11, what is 223 - -1823?
1a46
In base 2, what is 1101001 + 10111100100?
11001001101
In base 4, what is -20201202 + 11?
-20201131
In base 5, what is 14002414 + 2?
14002421
In base 9, what is -18 - -6144?
6125
In base 9, what is -7 - 511244?
-511252
In base 2, what is -1010010101111100110 - 11?
-1010010101111101001
In base 5, what is -3 - -1333020?
1333012
In base 15, what is a6 + 77?
12d
In base 9, what is 2125 - -341?
2466
In base 13, what is 44 - 86b?
-827
In base 12, what is 228 + 145?
371
In base 9, what is 1111 + -2588?
-1477
In base 3, what is 10 - 1010102?
-1010022
In base 8, what is -4 + 1025?
1021
In base 14, what is 11 - 6a44b?
-6a43a
In base 16, what is -26 + -4a8a?
-4ab0
In base 14, what is 1 + -3696?
-3695
In base 9, what is -735 - -587?
-137
In base 4, what is -1301200 + 3?
-1301131
In base 13, what is -857 + -7?
-861
In base 12, what is 55a + 976?
1314
In base 14, what is 2 - 26a7?
-26a5
In base 10, what is 185851 + 2?
185853
In base 4, what is -221 - -223321?
223100
In base 4, what is -12001 - -131201?
113200
In base 8, what is -43 + 4754?
4711
In base 14, what is -1 - 1b500b?
-1b500c
In base 10, what is 7 + 17?
24
In base 14, what is -4 + -9878?
-987c
In base 7, what is 43 + 11120?
11163
In base 15, what is -4775 + -c?
-4782
In base 9, what is 15 + 3048?
3064
In base 12, what is 39 + 1693?
1710
In base 9, what is 1735 + -2?
1733
In base 12, what is -373 + -500?
-873
In base 2, what is 101101110001100101111 - -11?
101101110001100110010
In base 16, what is -4 + -c3ec7?
-c3ecb
In base 13, what is -3bc + 4c?
-370
In base 10, what is 358 - -164?
522
In base 7, what is 16220 - 61?
16126
In base 4, what is -301023302 + 2?
-301023300
In base 15, what is 9bd + -57?
966
In base 13, what is -85588 - 5?
-85590
In base 13, what is -286 + 211?
-75
In base 16, what is 39b19 - 5?
39b14
In base 11, what is -2aaa9 + -2?
-30000
In base 5, what is -4012 + 1243?
-2214
In base 10, what is 15 + -972?
-957
In base 14, what is a9a8a - 5?
a9a85
In base 14, what is -5 + -3864c3?
-3864c8
In base 2, what is -10110111100011 - -1?
-10110111100010
In base 16, what is 27db3 + -1?
27db2
In base 14, what is 5 - -5d69?
5d70
In base 4, what is -21100322 - -11?
-21100311
In base 13, what is -84 - c93?
-1047
In base 4, what is -1 + -3212002?
-3212003
In base 14, what is -3 - 1a5?
-1a8
In base 9, what is 333611 + 0?
333611
In base 14, what is -9367 - -3b?
-932a
In base 16, what is f1 - -208?
2f9
In base 13, what is -1999 + -87?
-1a53
In base 12, what is -76b0 - 0?
-76b0
In base 5, what is -1423022 - 12?
-1423034
In base 15, what is 3 + 198ba?
198bd
In base 3, what is 10 - -20222001222?
20222002002
In base 15, what is 42 - -3?
45
In base 15, what is -746e - -5?
-7469
In base 14, what is -3407 - b?
-3414
In base 2, what is 11010110 + 101101000001?
110000010111
In base 13, what is 14 - 813?
-7cc
In base 5, what is 4411433 + 2?
4411440
In base 9, what is 4743716 + -4?
4743712
In base 6, what is 101 + 150?
251
In base 3, what is 220 - -112220?
120210
In base 7, what is 64014 + -20?
63664
In base 5, what is -42 - 33033?
-33130
In base 14, what is 15 + -93a7?
-9392
In base 15, what is -c - 2539?
-2546
In base 9, what is 16 + 1266?
1283
In base 9, what is 0 - -10332?
10332
In base 10, what is 82067 + 10?
82077
In base 9, what is -8 + 10708?
10700
In base 13, what is 4 - 4209?
-4205
In base 11, what is 5 - -7a70?
7a75
In base 15, what is 2cd - -2ac?
58a
In base 4, what is -12 + 2023233?
2023221
In base 10, what is -29 - -15168?
15139
In base 16, what is -152 - -182?
30
In base 11, what is -24 + -559a?
-5613
In base 5, what is 1001 + -414?
32
In base 10, what is 5 + 28946?
28951
In base 5, what is -211341 + -20?
-211411
In base 13, what is c + -16c4?
-16b5
In base 4, what is 22 - 1003311022?
-1003311000
In base 3, what is -1211020012 - -12?
-1211020000
In base 9, what is -10 +